/(h/(-204)) is divided by 15.
12
Suppose 15422 + 9538 = 40*u. Suppose u*i - 160 = 616*i. Calculate the remainder when 538 is divided by i.
18
Suppose 0 = 3*z + c - 3925, 11*c - 16*c = -3*z + 3901. Calculate the remainder when z is divided by 7.
5
Suppose 0 = -s - 3 - 9. Let b be 5*-1 + s/(-4). Calculate the remainder when 1/b - -1 - 777/(-6) is divided by 33.
31
Suppose -65*x - 33*x + 3924 = 11*x. What is the remainder when 537 is divided by x?
33
Suppose 17*v - 19*v + 452 = 0. Let f = -183 + v. What is the remainder when 213 is divided by f?
41
Suppose 0 = -0*i - 2*i + 46. Let z(q) = -q**3 + 10*q**2 + 37*q - 243. What is the remainder when z(5) is divided by i?
21
Suppose -3*a - 139 = -172. Let s be 3/4*(-60)/(-5). What is the remainder when a is divided by -3*((-6)/s)/1?
1
Let a(i) = 2*i**3 - 94*i**2 - 628*i - 385. What is the remainder when a(53) is divided by 27?
12
Suppose -17442 - 5298 = -60*q. Calculate the remainder when q is divided by 51.
22
Suppose 27*b - 49 = 518. Suppose -2*g + 22 = 2*j, -2*j + 0*g + 32 = -3*g. Calculate the remainder when b is divided by j.
8
Suppose -a = -780 + 154. Calculate the remainder when a is divided by (-530)/(-2650) - (179/(-5) + -1).
34
Suppose 766*m - 4300 = 762*m + 2*p, 5331 = 5*m + 3*p. Calculate the remainder when m is divided by 217.
203
Let x = -20499 - -20679. Calculate the remainder when 529 is divided by x.
169
Suppose -253*f + 440*f - 3740 = 0. Suppose n - h - 35 = -3, -n + 3*h + 28 = 0. What is the remainder when n is divided by f?
14
Let x(q) = 56*q - 1708. What is the remainder when 3229 is divided by x(42)?
9
Let l(t) = 8*t**3 - 6*t + 5. Let s be l(2). Suppose -5*u + 249 = -5*b + 14, -3*u + 139 = -5*b. Calculate the remainder when u is divided by 3/(18/s)*2.
10
Suppose 5*f + 1272 = 3*q, -6*f - 543 = -2*q + 297. What is the remainder when q is divided by 37?
22
Let y(h) = h**2 + 53*h + 797. What is the remainder when y(-45) is divided by 87?
2
Let r be 17102/51 - (-3)/(-9). Suppose -2767 = -33*s + r. What is the remainder when s is divided by (-2)/11 + 266/11?
22
Let q(s) = -s + 23. Suppose t - 8 = -3*t, k = -4*t + 51. Let x = k - 33. What is the remainder when q(-16) is divided by x?
9
Calculate the remainder when (-10 + (-908)/12)/((-1)/3) is divided by 29.
25
Suppose -426*x + 438*x - 8064 = 0. Calculate the remainder when x is divided by 3.
0
Let n = 409 - 407. Suppose 3*d - 122 = -2*t, 42 = -0*d + d + n*t. What is the remainder when 84 is divided by d?
4
Calculate the remainder when (1 + (-518)/(-3))/(1/12*4) is divided by 10.
1
Let x = 5785 - 5407. Calculate the remainder when x is divided by 4.
2
Let v(u) = -211*u**2 - 3*u - 27 - 247*u**2 + 460*u**2. Let p = 10 + -2. Calculate the remainder when v(p) is divided by 41.
36
Suppose -3*b = -4*h - 201 - 106, h = -4*b + 422. Suppose -m + 2*g + 8 = 0, -4*m + 2*g - 7*g + 97 = 0. Calculate the remainder when b is divided by m.
15
Let n = -8 - -12. Suppose -u = u + n*m - 34, 7 = 3*u - 5*m. Suppose 2*z = 4*w + 40, 0*z + 3*w = 2*z - 40. What is the remainder when z is divided by u?
2
Let a be (-14 - 1)*2/((-20)/2). Suppose -5 = a*d - 5. What is the remainder when 18 is divided by (29/(-116))/(d + (-2)/56)?
4
Let v = 481 - 451. Suppose -33*w + v = -30*w. What is the remainder when 37 is divided by w?
7
Suppose 5*a + 3*p = 236, 0 = -5*a - 17*p + 22*p + 180. Calculate the remainder when 274 is divided by a.
16
Let d be (-66)/(-99)*2343/2. Let y = d - 261. What is the remainder when y is divided by 58?
56
Suppose 0 = 12*c + 4*c - 448. Let o(j) = 4*j - 41. What is the remainder when o(c) is divided by 69?
2
Suppose 4*f = 20 + 528. Suppose 3*z - 54 = 5*l + f, 2*z - 126 = 3*l. What is the remainder when 281 is divided by z?
53
Let m(d) = 9*d**3 - 193*d**2 - 10*d + 109. Calculate the remainder when 6927 is divided by m(22).
0
Suppose -209*s + 2*t - 140 = -212*s, 0 = 5*s - 4*t - 270. Let j = -41 + 74. Calculate the remainder when s is divided by j.
17
Suppose -5*j - 936 = -5*r + 509, 3*j = r - 877. Let h be (1 + 2 + 1)*-1. Calculate the remainder when (-1 + j/18)*18/h is divided by 20.
18
Let x be (16/(-6))/(20/(-90))*1. Suppose -24 = -14*l + x*l. Suppose 11*a = l*a - 86. Calculate the remainder when a is divided by 22.
20
Let l = -2 + 2. Suppose l = -u - 2*u, u = -3*y + 6. Suppose y*g + 4*o = 218, -3*o - 389 = -4*g + 102. Calculate the remainder when g is divided by 31.
26
Let z = 20065 + -20057. What is the remainder when 438 is divided by z?
6
Calculate the remainder when -4 - -1 - (-122 + -13) is divided by 58.
16
Let u = -574 - -1098. Calculate the remainder when u is divided by 5.
4
Suppose 0 = 73*l + 58*l - 4*l - 5461. Calculate the remainder when 4169 is divided by l.
41
Let p be (35/25)/((-4)/(-40)). Suppose 9*i = p*i + 145. Let q = i - -132. What is the remainder when q is divided by 35?
33
Let h = -37 + 53. Let s = -22 + h. What is the remainder when (-2 + 277)*s/(-15) is divided by 28?
26
Suppose -2*t = -4*d - 416, -5*d = 80*t - 82*t + 410. What is the remainder when t is divided by 79?
62
Suppose 2*p - 2*a = 1532, -4*p + 2008 + 1072 = 4*a. Let n = -555 + p. What is the remainder when n is divided by 110?
103
Let s(k) = 13*k**2 - 26*k - 102. Let j(p) = -5*p**2 + 12*p + 51. Let v(b) = 5*j(b) + 2*s(b). What is the remainder when v(-12) is divided by 54?
45
Let v be -3 + (7 + -4 + 2)*1. What is the remainder when 31 is divided by 267/(-356)*1/(v/(-8))?
1
What is the remainder when 677 is divided by (21 - 1380/24)/((-2)/12)?
20
Let z(c) = -c**3 + 13*c**2 + 55*c + 188. Calculate the remainder when z(14) is divided by 85.
82
Let g be 3*(-2)/(-12) - (-153)/(-6). Calculate the remainder when 136 is divided by -6 + 5/(g/(-260)).
44
Suppose u + 7 - 144 = 0. Suppose 0 = -2*x + 3*t + u, -5*x - 5*t + 332 = -48. What is the remainder when x is divided by 5?
3
Suppose -z - 6 = -9, -4*z + 292 = 2*n. Calculate the remainder when n is divided by 18.
14
Let p = -5350 - -9217. Calculate the remainder when p is divided by 121.
116
Let j = 13 + 11. Let t(o) = 2*o**2 + 13*o - 62. Let d be t(-20). Suppose 3*c + 134 = 2*x, d = 5*x - c + 156. Calculate the remainder when x is divided by j.
16
Suppose -5*i - 20 = 0, 2*d - 4*i + i = 1290. Suppose 6*b - 975 = d. Calculate the remainder when b is divided by 21.
17
Let s(w) = 11*w - 41. Let h be 2*2/((-4)/(-6)*6). Calculate the remainder when s(8) is divided by 4 + 7 - h*(-1 + 2).
7
Suppose 91*i = 33*i + 27144. Calculate the remainder when i is divided by 11.
6
Suppose 5*d + 3423 = 2*b, 5*b - 7404 = 3*d + 1144. What is the remainder when b is divided by 4?
1
Let s(k) = 4*k**2 - 30*k + 16. Let g be s(8). Calculate the remainder when 6 is divided by 36/81 - g/(-9).
2
Let r(h) = -h**2 + 104*h - 1597. Suppose -2*m - 3*m + 210 = 0. Calculate the remainder when m is divided by r(19).
6
Suppose -77 = -2*f - 3*m, -26*m = 4*f - 24*m - 150. Calculate the remainder when 16833 is divided by f.
35
Suppose -62*l + 44415 = 37*l + 42*l. Calculate the remainder when l is divided by 115.
85
Suppose -2*d + 32 = 2*d. Let a be ((396/16)/9)/(1*(-2)/8). Calculate the remainder when (a - 1)/(d/(-36)) is divided by 19.
16
Calculate the remainder when 412 is divided by (-9)/(315/20) - 2766/(-14).
18
Let a(t) = 4*t - 85. Calculate the remainder when a(48) is divided by 104.
3
Let f(g) = 293*g - 1655. Calculate the remainder when f(8) is divided by 119.
94
Suppose -f - 4*f = -10. Let d = 758 + -716. Calculate the remainder when d is divided by f.
0
What is the remainder when 34 + -20*66/(-88) is divided by -2 - (-1 - 0) - -14?
10
Let f(q) = 47*q**2 + 8*q. Let z(t) = 5*t - 131. Let v be z(26). Calculate the remainder when 128 is divided by f(v).
11
Suppose -3*c + 34 + 47 = 0. Let a = 144863 - 144772. Calculate the remainder when a is divided by c.
10
Let d be 3/(2/(-3) - (-28)/96). Calculate the remainder when 160 is divided by d/(-28) + 4 + 537/7.
79
Suppose 0 = 14*j - 12*j - 39*j + 370. What is the remainder when 623 is divided by j?
3
Suppose -6 = -o + 5*m + 44, -4*o + m = -105. Calculate the remainder when 110 is divided by o.
10
Suppose 11*g = -459 + 41. What is the remainder when 107 is divided by ((-12)/18)/(2/6) - g?
35
Let f(p) = 5*p**3 - 3*p**2 - 6*p - 2. What is the remainder when 257 is divided by f(3)?
81
Let w = -557 + 1128. What is